 -6*u + 8*u + 4*r - 1428 = 0, -u + 4*r = -702. Calculate the remainder when u is divided by 40.
30
Let t = 810 - 760. Suppose 5*l = -4*g + 43, 12 = 3*g + l - 34. Calculate the remainder when t is divided by g.
16
Suppose 2*l - 26 = 4*y, 2*l + 2*y + 2 = 4. Suppose -l*q = 23 - 93. Suppose 0 = -j + 60 - 7. What is the remainder when j is divided by q?
11
Suppose -2*u = -2*b - 150, -496 = -4*u + 2*b - 190. What is the remainder when u is divided by 16?
14
Let s(i) = 5*i**2 + 11*i - 1. Let l be s(-9). Suppose -2*a + l = 3*a + 5*j, 4*a + 2*j - 252 = 0. Let k = 13 - -21. What is the remainder when a is divided by k?
31
Suppose 35 = -y + 2*y. Suppose 103 = 3*f + 4*t + t, 0 = -3*t - 3. Suppose f = 2*d + d. Calculate the remainder when y is divided by d.
11
Let p(s) = -s**3 + s**2 - 1. Let x(n) = -6*n**2 - n + 9. Let q(b) = -5*p(b) - x(b). Calculate the remainder when q(2) is divided by 12.
6
Let q = 164 + -107. Suppose 15 = 5*u, 4*z + 2*u - q = z. Calculate the remainder when z is divided by 9.
8
Let v(h) = -h**3 - 4*h**2 - 3*h + 5. Let d(l) = -3*l**3 - 14*l**2 - 16*l + 9. Calculate the remainder when d(-4) is divided by v(-4).
7
Let l = -7 - -12. Suppose 4*h - m = 2, 3*m + 10 = 2*h + 4. Suppose 0 = 2*t - h - 14. Calculate the remainder when t is divided by l.
2
What is the remainder when 107 is divided by 84/(-35)*20/(-6)?
3
Suppose -3*d = d + 4*o - 104, -5*d - 4*o = -126. What is the remainder when d is divided by 21?
1
Suppose -3*t = -6, -2*w = -6*w - t - 450. What is the remainder when w/(-4) - (-21)/28 is divided by 15?
14
Let h(v) = v**2 + 9*v + 5. What is the remainder when h(-13) is divided by 20?
17
Let p = 8 + -7. Let b be 2/p + 129 - -4. Suppose -4*l + b = -13. Calculate the remainder when l is divided by 10.
7
Let b(s) = 37*s + 2. Let x be b(1). Suppose 40*c - x*c - 15 = 0. Calculate the remainder when 72 is divided by c.
12
Calculate the remainder when 39 is divided by (14/(-6) - -2)/(48/(-3744)).
13
What is the remainder when 129 is divided by 180/(-24)*4/(-3)?
9
What is the remainder when 126 is divided by (-1)/(-6)*246 - 0?
3
Let v be -2 - ((-2 - 42) + -1). Let k = 61 - v. Let u = 127 + -75. Calculate the remainder when u is divided by k.
16
Let o = 26 + -24. Suppose -84 = -3*w - o*w + 3*p, 4*w + 5*p - 45 = 0. Calculate the remainder when w is divided by 5.
0
Suppose v + 21 = -5. Let q be (-82)/v - 12/78. Suppose 0 = -2*m + x + 38, q*m + 0*x = -3*x + 57. Calculate the remainder when 35 is divided by m.
16
Let w be (2*(-15)/(-6))/1. Suppose 0 = 9*f - w*f + 448. Let p = f - -193. What is the remainder when p is divided by 21?
18
Let h(b) = -4*b**2 + b. Let m be h(-3). What is the remainder when 53 is divided by (-13)/26 + m/(-2) - 1?
17
Suppose -39*q + 868 = -32*q. Calculate the remainder when q is divided by 16.
12
Suppose 3*g - 34 = s, 0 = 5*g - s - 63 + 5. Let c be 5/4*(-4)/(-1). Suppose -74 = -2*k + 3*d, -c*d + 34 = k + 10. What is the remainder when k is divided by g?
10
Let x(z) = -z**3 + 6*z**2 + 6*z + 7. Let l = 2 + 5. Let o be x(l). Calculate the remainder when 38 is divided by 2 - (o + -4 - -1).
3
Suppose -24*y + 25*y + 1784 = 4*c, 2*c + 5*y - 914 = 0. Calculate the remainder when c is divided by 28.
27
Let d = 10 + -4. Let u = d + 80. What is the remainder when u is divided by 6/(-24)*2*-44?
20
Let m(c) be the second derivative of c**4/12 + c**3/3 - 6*c. What is the remainder when m(-6) is divided by 13?
11
Let w be (-490)/(-6) + (-2)/3. Suppose 5*b - 4*b - w = 0. Suppose -196 + 56 = -5*f. What is the remainder when b is divided by f?
25
Let s(k) = -4*k + 44. Let j be s(-13). Suppose 2*o = -2*o - 3*c + j, -4*o - c + 104 = 0. Calculate the remainder when o is divided by 16.
11
Let z = 72 - 77. Let u(b) = -2*b**3 - 9*b**2 + 3*b - 4. Calculate the remainder when 16 is divided by u(z).
4
Let u(p) = 2*p - 9. Let q be u(16). Suppose 6*y - 37 = q. What is the remainder when 46 is divided by y?
6
Let b = -40 + 54. Let j = 2 + 24. What is the remainder when j is divided by b?
12
Let f = 278 + -243. Let l(q) = 10*q**2 + 4*q. What is the remainder when l(3) is divided by f?
32
Let k(c) = -20*c + 8. Suppose -3 = -3*p, 0 = n - 3*n + 3*p - 17. What is the remainder when k(n) is divided by 38?
34
Let h(l) = l**3 + 10*l**2 + 6*l. Let k be 1 - 7*(-2 + 3). Calculate the remainder when h(-9) is divided by (-7)/(-42) + (-41)/k.
6
Suppose 2*u + 161 = 5*f, -u - 4*u - 356 = 3*f. Let w = 1 - u. Let n = -16 + 35. What is the remainder when w is divided by n?
17
Let v = -27 + 63. Suppose -g = 4 - 23. What is the remainder when v is divided by g?
17
Suppose 25 = 4*x - 35. Calculate the remainder when x/(-6) + (-78)/(-4) is divided by 11.
6
Suppose 3*z = 2*d - 144, 3*d + 0*z - 223 = z. Calculate the remainder when 295 is divided by d.
70
Suppose -5*i + 31 = 4*l, 20 = -0*i - 4*i. Let z be 1 + -4 - -2 - -15. Suppose -o = -z - 26. What is the remainder when o is divided by l?
12
Let r = -38 - -67. What is the remainder when 201 is divided by r?
27
Let q = 164 - 84. What is the remainder when q is divided by 35?
10
Suppose 0 = -0*y - 5*y + x + 50, -2*x - 10 = 0. Calculate the remainder when 42 is divided by y.
6
Suppose 3*x - 176 = -4*p, -25 = 2*p - 2*x - 99. What is the remainder when p is divided by 16?
9
Let j = -4 - -15. Let z(o) = -13 - 6*o**3 + 7*o + 11*o**2 + o**3 + 4*o**3. Calculate the remainder when z(j) is divided by 17.
13
Let p = 1320 - 902. Let t = p - 85. What is the remainder when t is divided by 14?
11
Let o be (-18)/(-8) - (-2)/(-8). Suppose 0 = -o*b + 16 - 0. What is the remainder when (-1 - 0 - 1)/(-2*(-16)/(-496)) is divided by b?
7
Let z(r) = 2*r**2 + r + 9. Let a(k) = -2*k**2 - k - 8. Let i(f) = -3*a(f) - 2*z(f). What is the remainder when 34 is divided by i(0)?
4
What is the remainder when 1259 is divided by -76 - -104 - (-1 + -1)?
29
Let d be (-11)/(-4 - (-15)/3). Let p = -11 - d. Suppose p = 4*g - 5*g + 23. What is the remainder when g is divided by 13?
10
Let l be 4/((-12)/(-993)) + -3. Suppose -4*k - 4 = -l. Let y = k + -48. Calculate the remainder when y is divided by 12.
9
Let z be ((-22)/(-4) + 3)*2*7. Let n = z + -110. What is the remainder when n is divided by 5?
4
Let k(r) = -r**3 - 10*r**2 - 7*r - 3. Let j be k(-9). What is the remainder when 4*2/16*108 is divided by (j/(-4))/(18/96)?
26
Let l(r) = 4*r - 71. Let j be l(25). Suppose 3*d - j = 67. Calculate the remainder when 157 is divided by d.
29
Suppose 9*r + 79 = 241. What is the remainder when 53 is divided by r?
17
Suppose 5*o = 19*o - 84. Calculate the remainder when 101 is divided by o.
5
Suppose -2*m + 0*m = 4*q - 22, m = 4*q - 1. Suppose 2*p + 3 = 7. Suppose 5*i = g - 34 - 16, -p*g + 55 = -i. Calculate the remainder when g is divided by m.
4
Let k(z) be the third derivative of 41*z**4/24 - 5*z**3/6 - 4*z**2. Let t(o) = o**3 - 9*o**2 - 6*o - 14. What is the remainder when k(2) is divided by t(10)?
25
Suppose 4*c - 5*w = 113, -4*c - 2*w = c - 166. Suppose -4765 = 147*n - 13291. What is the remainder when n is divided by c?
26
Let c(y) = 12*y + 1. Suppose 4*b = 3*j - 9, -j - 2*j + 9 = 4*b. Suppose 2*l = -2*s + 26, 63 = j*s + l - 6*l. What is the remainder when c(5) is divided by s?
13
Let h(c) = 12*c**2 + c + 1. Let p = -18 - -42. What is the remainder when h(-2) is divided by p?
23
What is the remainder when 3936/120 + (-4)/5 is divided by 9?
5
Let r = 383 + -381. What is the remainder when 13 is divided by r?
1
Let a = 36 - 22. Let v(c) = 22*c + 193. What is the remainder when v(-7) is divided by a?
11
Calculate the remainder when ((-120)/(-14) - (-6)/14)*15 is divided by 69.
66
Let n be 4/6*81/18. Suppose y + n*c = 3, -2*y + 6 = 4*c - 3*c. Suppose -r = -4*h - 14, y*h - 17 + 45 = 2*r. Calculate the remainder when r is divided by 8.
6
Let g(f) = -4*f**2 - 3*f - 23. Let x(t) = -6*t**2 - 4*t - 35. Let h = -20 + 15. Let v(q) = h*x(q) + 7*g(q). Calculate the remainder when 41 is divided by v(0).
13
Let z = 30 + -5. Let b be 6 + -5 - z*-1. Calculate the remainder when (-273)/b*14/(-3) is divided by 26.
23
Let t(a) = a**3 + 8*a**2 + 7*a - 2. Let c be t(-8). What is the remainder when 143 is divided by (c - 0)*(3 + 42/(-12))?
27
Let z = -45 - -47. Suppose 2*a + 2*o = -4, 4*o - o = a + 6. What is the remainder when z is divided by a/(-2)*4/3?
0
Suppose 5*k - 5*s = -s + 7